ided by 1218565?
16
What is the remainder when 317583632 is divided by 2438?
0
What is the remainder when 73393 is divided by 2705?
358
Calculate the remainder when 4139624 is divided by 13.
8
What is the remainder when 510571 is divided by 117?
100
Calculate the remainder when 24604408 is divided by 257.
256
Calculate the remainder when 2983562 is divided by 2820.
2
Calculate the remainder when 108754 is divided by 3111.
2980
What is the remainder when 4876441 is divided by 667?
4
What is the remainder when 12656102 is divided by 188897?
3
Calculate the remainder when 67725 is divided by 7361.
1476
Calculate the remainder when 156397 is divided by 486.
391
Calculate the remainder when 73859343 is divided by 33.
30
Calculate the remainder when 651108 is divided by 663.
42
Calculate the remainder when 19749375 is divided by 68.
67
What is the remainder when 375558 is divided by 9879?
156
Calculate the remainder when 26366 is divided by 635.
331
Calculate the remainder when 34581 is divided by 4890.
351
What is the remainder when 808393 is divided by 404194?
5
Calculate the remainder when 134724049 is divided by 8.
1
Calculate the remainder when 1623651 is divided by 2420.
2251
What is the remainder when 202276 is divided by 3940?
1336
What is the remainder when 117519 is divided by 53?
18
Calculate the remainder when 22254329 is divided by 735.
734
Calculate the remainder when 19957274 is divided by 141.
134
What is the remainder when 554444 is divided by 9721?
347
What is the remainder when 1664534 is divided by 15270?
104
Calculate the remainder when 171556 is divided by 1654.
1194
Calculate the remainder when 1790274 is divided by 6806.
296
What is the remainder when 126314620 is divided by 1083?
1081
What is the remainder when 577515 is divided by 69?
54
What is the remainder when 32862343 is divided by 162?
157
What is the remainder when 193209 is divided by 2198?
1983
Calculate the remainder when 1554958 is divided by 518126.
580
Calculate the remainder when 306566 is divided by 17013.
332
Calculate the remainder when 17157 is divided by 1306.
179
Calculate the remainder when 698293 is divided by 425.
18
Calculate the remainder when 65982861 is divided by 84702.
3
What is the remainder when 490002 is divided by 199?
64
Calculate the remainder when 3033687 is divided by 224.
55
What is the remainder when 23664189 is divided by 1888?
1885
What is the remainder when 3054785 is divided by 998?
905
What is the remainder when 22982 is divided by 19981?
3001
What is the remainder when 1598501 is divided by 241?
189
What is the remainder when 164933 is divided by 54972?
17
Calculate the remainder when 1622346 is divided by 3327.
2097
Calculate the remainder when 711571419 is divided by 370.
369
Calculate the remainder when 4304545 is divided by 478270.
115
Calculate the remainder when 109009 is divided by 4717.
518
What is the remainder when 129773998 is divided by 1509?
1507
Calculate the remainder when 459087 is divided by 44.
35
What is the remainder when 42939754 is divided by 6?
4
What is the remainder when 16793463 is divided by 569?
566
Calculate the remainder when 429340 is divided by 24.
4
Calculate the remainder when 4618431 is divided by 42.
27
Calculate the remainder when 60035 is divided by 911.
820
What is the remainder when 9141151 is divided by 507836?
103
Calculate the remainder when 17007430 is divided by 156.
154
Calculate the remainder when 69040187 is divided by 11259.
11258
What is the remainder when 670548 is divided by 3210?
2868
Calculate the remainder when 21520 is divided by 9709.
2102
What is the remainder when 539429 is divided by 5449?
5427
Calculate the remainder when 1806271 is divided by 6.
1
What is the remainder when 15020601 is divided by 312928?
57
Calculate the remainder when 635881 is divided by 158729.
965
What is the remainder when 6951699 is divided by 1458?
1413
Calculate the remainder when 1380244 is divided by 955.
269
Calculate the remainder when 45693 is divided by 1001.
648
Calculate the remainder when 10401 is divided by 913.
358
What is the remainder when 97114027 is divided by 2256?
2251
Calculate the remainder when 1594571 is divided by 527.
396
What is the remainder when 350151 is divided by 221?
87
Calculate the remainder when 433997 is divided by 144615.
152
Calculate the remainder when 2067131 is divided by 43.
35
What is the remainder when 51956 is divided by 17242?
230
Calculate the remainder when 17516 is divided by 1082.
204
Calculate the remainder when 2704528 is divided by 20333.
239
What is the remainder when 1527934 is divided by 12?
10
What is the remainder when 1988026 is divided by 2201?
523
What is the remainder when 982475 is divided by 99?
98
Calculate the remainder when 2546989 is divided by 1071.
151
What is the remainder when 2231174 is divided by 72?
38
What is the remainder when 331419 is divided by 11009?
1149
What is the remainder when 125239 is divided by 62617?
5
What is the remainder when 6842338 is divided by 1710570?
58
What is the remainder when 1406066 is divided by 2580?
2546
What is the remainder when 599370 is divided by 199529?
783
What is the remainder when 288998 is divided by 493?
100
What is the remainder when 2265446 is divided by 3654?
3620
Calculate the remainder when 1075211 is divided by 3840.
11
What is the remainder when 3441911 is divided by 294?
53
What is the remainder when 6103788 is divided by 1389?
522
What is the remainder when 280004 is divided by 279801?
203
Calculate the remainder when 345429 is divided by 172652.
125
Calculate the remainder when 283793 is divided by 4507.
4359
Calculate the remainder when 602126 is divided by 50175.
26
Calculate the remainder when 66482 is divided by 22141.
59
Calculate the remainder when 1032412 is divided by 512.
220
What is the remainder when 3116572 is divided by 618?
616
Calculate the remainder when 125417731 is divided by 227.
4
What is the remainder when 1116094 is divided by 14685?
34
What is the remainder when 23168 is divided by 23162?
6
Calculate the remainder when 4286071 is divided by 2412.
2359
What is the remainder when 14892 is divided by 244?
8
Calculate the remainder when 4427455 is divided by 535.
330
Calculate the remainder when 161335 is divided by 14659.
86
What is the remainder when 7049271 is divided by 814?
31
What is the remainder when 25682721 is divided by 36?
33
What is the remainder when 16443091 is divided by 5672?
5635
Calculate the remainder when 7528635 is divided by 3358.
3357
Calculate the remainder when 20017935 is divided by 11873.
57
What is the remainder when 173036343 is divided by 52?
51
Calculate the remainder when 573488 is divided by 670.
638
What is the remainder when 4693993 is divided by 419?
355
Calculate the remainder when 232484 is divided by 810.
14
Calculate the remainder when 298260 is divided by 2682.
558
Calculate the remainder when 53068 is divided by 4280.
1708
What is the remainder when 350223 is divided by 43720?
463
Calculate the remainder when 906356 is divided by 45305.
256
What is the remainder when 40617059 is divided by 474?
473
Calculate the remainder when 61447 is divided by 9386.
5131
What is the remainder when 41972 is divided by 5732?
1848
What is the remainder when 26223157 is divided by 26223135?
22
Calculate the remainder when 1541451 is divided by 86.
73
Calculate the remainder when 26934 is divided by 1122.
6
What is the remainder when 1553803 is divided by 78?
43
What is the remainder when 772125 is divided by 45?
15
Calculate the remainder when 77299 is divided by 1983.
1945
What is the remainder when 8959725 is divided by 8959721?
4
Calculate the remainder when 2075493 is divided by 231.
189
Calculate the remainder when 448267 is divided by 14008.
11
Calculate the remainder when 2746781 is divided by 274640.
381
What is the remainder when 46538817 is divided by 2449410?
27
Calculate the remainder when 3131508 is divided by 78286.
68
Calculate the remainder when 160939 is divided by 545.
164
Calculate the remainder when 1732835 is divided by 337.
318
What is the remainder when 1959929 is divided by 979432?
1065
Calculate the remainder when 505322 is divided by 3392.
3306
What is the remainder when 355440 is divided by 327?
